17 - f. Is o - -5 - (3 + -89) a composite number?
False
Let o(v) = v**2 + v + 37. Let z be o(0). Suppose 4*m + 3 - 6 = -r, -5*m = -4*r - 30. Suppose -40 = -4*d + d + w, 3*d + m*w = z. Is d composite?
False
Suppose 0 = 3*n - 2*o - 0*o - 40, n = 5*o + 35. Let r be 1 + -4 + 4*n. Let m = r + -15. Is m a composite number?
True
Suppose -3*q - 954 = 1410. Let s = 335 - q. Let i = -654 + s. Is i prime?
False
Let x = 2 - -3. Let h(f) = 2*f**2 + 20*f. Let u be h(-10). Suppose u*y = -5*q + 5*y + 85, -y = x*q - 109. Is q a prime number?
False
Let z(s) = -s**3 + 6*s**2 + 50*s - 6. Is z(-19) composite?
False
Suppose 22528 = 2*x + 3*g, -3*x + 45048 = x + 2*g. Is x composite?
False
Suppose 0*q - 5*q - 15 = 5*d, 4*q + d - 3 = 0. Suppose 0 = 3*o - q*n - 10953 + 3952, 4*o - 9331 = -n. Is o a prime number?
True
Suppose 4*c - 48 + 12 = 0. Suppose 12*p - 4629 = c*p. Is p a prime number?
True
Let j(a) be the second derivative of a**5/10 - 7*a**4/12 + 17*a**3/6 - 11*a**2/2 - 12*a. Is j(8) composite?
False
Let h(j) = 59*j**2 + 40*j + 59. Is h(-26) prime?
True
Let r = -31 + 33. Suppose -k + 7*t + 1037 = r*t, -3111 = -3*k + 2*t. Is k prime?
False
Suppose 3*v + 104 + 43 = -5*j, 2*j = -4*v - 210. Is (-478)/((12/v)/((-2)/(-6))) a prime number?
False
Suppose -4*r = 3*t + 1839, -3*r = -2*r - 3*t + 456. Let q = -166 - r. Is q a composite number?
False
Let q be 6 - (1 + 1 - 0). Suppose l = q*f + 265, 2*f + 200 = -f + l. Let v = f - -148. Is v composite?
False
Let z(k) = 599*k + 12. Is z(5) a composite number?
True
Let t(z) = -z**3 - 9*z**2 + 65*z + 9. Is t(-26) composite?
False
Suppose 3*u - 2*z - 12985 = 0, 4*u + z = 18181 - 875. Is u a composite number?
False
Let k(a) = 2*a**2 - 11*a + 8. Let q be k(5). Suppose 5*y - 5665 = 4195. Suppose -q*v + 7*v - y = 0. Is v a composite number?
True
Let m = -8 + 24. Suppose -8*g = -m*g + 22280. Is g prime?
False
Suppose -369 = -29*a + 70*a. Let s(m) = -15*m - 24. Let i(y) = 16*y + 25. Let z(l) = 4*i(l) + 5*s(l). Is z(a) a composite number?
False
Suppose -12313 = -n + 5*q, 3*q = -3*n - 20137 + 57094. Is 3/(-2)*n/(-9) a prime number?
True
Suppose 38019 = 9*q - 1824. Is q a prime number?
False
Let c(t) = 1 + 33 + 15 + 101*t - t. Is c(8) a prime number?
False
Let x(a) = -2*a**2 + 10*a - 14. Let r(b) = 3*b**2 - 19*b + 27. Let y(d) = -3*r(d) - 5*x(d). Suppose k - 24 = 2*v, -5*k = -4*v + v - 29. Is y(v) a prime number?
True
Suppose 4*x - 5*m - 282504 = 0, 0 = -5*x + 5*m - 10*m + 353175. Is x composite?
True
Let f(m) = -763*m + 40. Is f(-3) a prime number?
False
Let q(u) = u**2 - 7*u - 5. Let p(v) = v**3 + 3*v**2 - 4*v + 5. Let d be p(-4). Suppose d*w = -12 - 13. Is q(w) composite?
True
Let a = -91 + 91. Is 734 + (-2)/4*a/(-2) a prime number?
False
Let s(i) = 337*i + 8. Let g be ((-24)/(-36))/(2/9). Let n be s(g). Suppose y = -5*w + n, 3*y - 1152 = -4*w - 328. Is w a prime number?
False
Suppose 2*h + 35 = 7*h. Suppose -25 = -h*d + 2*d. Suppose 25 + 3 = 2*k - d*f, -4*k + 2*f = -72. Is k a prime number?
True
Suppose 0 = 5*h - 18 + 3. Suppose -4*n + 3*n - 2*i = -303, -2*n + h*i = -620. Is n composite?
False
Is 188819/6 - 13/546*35 prime?
True
Let k = 617 + -124. Let c = 1612 - k. Is c prime?
False
Let x(z) = z**3 - 8*z**2 - 23*z - 73. Is x(22) a composite number?
False
Let u(h) = h**3 - 19*h**2 + 14*h - 7. Let y(v) = 2*v**3 - 37*v**2 + 27*v - 15. Let c(r) = 11*u(r) - 6*y(r). Let x be c(11). Let b = x - 74. Is b composite?
True
Let b(j) = -2 + 1040*j**2 - 1 - 2*j + 4. Let t(m) = m**3 + 6*m**2 - 3*m - 17. Let q be t(-6). Is b(q) prime?
True
Let j = 229 - -129. Let t be (3 - (4/4 - -10))/(-1). Suppose -j = -t*p + 6*p. Is p a prime number?
True
Let j(n) be the second derivative of -35*n**4/24 + n**3/6 + 5*n**2/2 - n. Let f(d) be the first derivative of j(d). Is f(-6) a prime number?
True
Let q(c) = -2*c + 9. Let p(s) be the second derivative of s**4/12 - 2*s**3 - 7*s**2 - 7*s. Let a be p(12). Is q(a) prime?
True
Let q = 8 + -2. Let j be 26/q*(16 + -7). Suppose -i = 4*u - j, -107 = -5*i - 0*u + 2*u. Is i a prime number?
True
Let s(m) = -21680*m**3 + 2*m**2 - 2*m - 1. Is s(-1) a composite number?
False
Let r = 1692 + -895. Is r a composite number?
False
Let v = 1481 + 768. Is v prime?
False
Let k(m) = -4 + 20*m + 5 - 7. Let c(f) = 10*f - 3. Let r(l) = -9*c(l) + 4*k(l). Is r(-4) a composite number?
False
Suppose -9*d + 57952 = 23*d. Is d a prime number?
True
Suppose 5012 = 12*o - 16*o. Is (-10)/(-25) + o/(-5) a prime number?
True
Suppose -3*k = -2*c + 16, -4*c + 0 + 16 = 2*k. Is 229 + k + 0 - 4 a composite number?
False
Let o be -1 + (-1650)/(-78) + (-2)/13. Suppose -5*r = -o, 0*j = 2*j + 4*r - 2514. Is j a prime number?
True
Let o(a) = 9*a**2 - 11*a + 3. Let x be -5*3*3/9. Let m(c) = c**2 - c. Let s(n) = x*m(n) + o(n). Is s(8) a prime number?
True
Suppose 20*z - 54511 = 42189. Is z composite?
True
Suppose 5446 = -h - 4816. Let v = h + 14463. Is v prime?
True
Let y = 127 - -22. Let i = 290 - y. Suppose -3*d + 6*d - i = 0. Is d composite?
False
Let n = -3557 - -6900. Is n composite?
False
Suppose 0 = -5*x + y + 10634, 0*y + 4*y + 8504 = 4*x. Is x composite?
True
Let b(s) be the first derivative of s**3 + s**2/2 + 2*s - 2. Let i be b(-1). Suppose 1279 = i*y - 245. Is y composite?
True
Suppose 0 = -g - 2*g + 4*x + 834, -3*x + 9 = 0. Let h = g - 97. Is h a prime number?
False
Let n = 0 - -7. Suppose 3*m - n = -c, 2*m = -c + 5*m + 1. Suppose -z - 4*v = -0*z - 21, c*z - 84 = 2*v. Is z a prime number?
False
Let y = 5466 + 12355. Is y a prime number?
False
Let d = 397 + -171. Suppose -q + 3*q - d = 0. Is q a prime number?
True
Let s = 2012 + -771. Suppose 6841 = 9*l - s. Is l composite?
True
Let m(g) = -8*g + 10. Let x(t) = 4*t - 5. Let s(k) = -3*m(k) - 5*x(k). Suppose 11 = 3*n - 4. Is s(n) prime?
False
Let j be 1 - (1 + -1) - -2. Suppose -4*m + j*g + 5 = -23, 0 = 4*g + 16. Suppose -5*k - 2672 = -m*a + a, -5 = 5*k. Is a composite?
True
Is (123/15)/(1/65) a composite number?
True
Let d = -556 + 47157. Is d a composite number?
False
Suppose 5*w + 2*q = 3*w + 16534, 2*q = 8. Is w a prime number?
True
Let i = -8557 + 19460. Is i prime?
True
Suppose -1511 = 1105*c - 1106*c. Is c a composite number?
False
Suppose j = 2*j - 8. Let v(i) = -i**2 + 6*i + 19. Let a be v(j). Suppose a*t - 1401 = -258. Is t prime?
False
Let k be (-3)/(-5) + 60/25. Suppose -3*b = k*b - 1950. Suppose -b = -3*f - 2*j, 5*f - 3*j = -j + 547. Is f prime?
True
Suppose -5*j = -4*j + g - 6, -3*j - 6 = -5*g. Suppose p - 4*r - 66 = 0, r + j*r - 20 = 0. Let w = p - -41. Is w composite?
False
Suppose -173 = -5*x - w + 701, -4*x = 5*w - 716. Suppose 0 = 10*y - 7*y - x. Suppose y = 4*v - c, -v = -3*c - 24 + 4. Is v a prime number?
False
Suppose -6*f + 21639 + 507 = 0. Is f prime?
True
Let v(w) = 138*w - 11. Let q = -49 + 53. Is v(q) a composite number?
False
Is (-4)/2*50/20 - -3000 prime?
False
Let r = 134 - 131. Suppose 6*q - 10905 = r*q. Is q prime?
False
Suppose 2*q + 45 = -q. Let h = 18 + q. Suppose 0*z = h*z - 339. Is z composite?
False
Let o = -115 + 181. Is 12/o + 1 + (-4616)/(-22) a prime number?
True
Suppose -26*b = -163723 - 180075. Is b composite?
True
Is (565/20)/((-4431)/(-2212) - 2) a prime number?
False
Suppose -13*q + 139246 - 20283 = 0. Is q composite?
False
Suppose 0*s + 19887 = -3*s. Let p = s - 2499. Is (-2)/(-9) - p/72 a prime number?
True
Let q(w) = 5*w**2 - 2*w - 6. Suppose 0 = -3*h + 8*h - 25. Let y = 0 + h. Is q(y) prime?
True
Suppose 5*i - 890 = 3*i. Suppose -5*u - 2*a + a + 4 = 0, -3*a = -5*u - 12. Suppose i = -u*w + 5*w. Is w a composite number?
False
Let f be (-329)/(-63) + (-6)/27. Suppose f*c = -630 + 2275. Is c a prime number?
False
Let o(x) = -32*x + 20. Let n be o(9). Let i = 407 + n. Is i composite?
False
Let n = -28287 + 49768. Is n a composite number?
False
Suppose 43*f - 44*f = 2*t - 65175, 3*f + 4*t = 195529. Is f composite?
False
Suppose -6*x = -10*x + 2*x. Suppose -2*z + 1638 = 4*j, -5*j + j - 4 = x. Is z composite?
False
Let h(s) = 3*s**2 - 9*s + 17. Is h(-25) a composite number?
True
Let h = -5825 + 10416. Is h prime?
True
Suppose -181247 + 714084 = 37*s. Is s a prime number?
True
Let y(w) be the second derivative of 7*w**4/12 - w**3/2 + 21*w**2/2 + 17*w. Is y(-13) a prime number?
False
Let q = -50 - -46. Let n(h) = -3*h**3 + 4*h**2 + 2*h + 3. Is n(q) composit